it of 26575?
6
What is the units digit of 1535?
5
What is the tens digit of 14941?
4
What is the hundreds digit of 19397?
3
What is the thousands digit of 2972?
2
What is the thousands digit of 1222?
1
What is the hundreds digit of 554?
5
What is the thousands digit of 1169?
1
What is the tens digit of 1313?
1
What is the tens digit of 900?
0
What is the hundreds digit of 16821?
8
What is the units digit of 849?
9
What is the thousands digit of 104619?
4
What is the hundreds digit of 1630?
6
What is the ten thousands digit of 33269?
3
What is the units digit of 28194?
4
What is the tens digit of 542?
4
What is the hundreds digit of 1666?
6
What is the ten thousands digit of 32118?
3
What is the hundreds digit of 995?
9
What is the tens digit of 694?
9
What is the tens digit of 2223?
2
What is the units digit of 3091?
1
What is the units digit of 246?
6
What is the units digit of 464?
4
What is the tens digit of 14793?
9
What is the thousands digit of 7011?
7
What is the thousands digit of 2937?
2
What is the tens digit of 1257?
5
What is the units digit of 4486?
6
What is the tens digit of 1162?
6
What is the hundreds digit of 1865?
8
What is the tens digit of 1653?
5
What is the hundred thousands digit of 132020?
1
What is the units digit of 8589?
9
What is the ten thousands digit of 48593?
4
What is the hundreds digit of 76605?
6
What is the units digit of 17670?
0
What is the tens digit of 189?
8
What is the thousands digit of 3911?
3
What is the units digit of 4077?
7
What is the units digit of 629?
9
What is the ten thousands digit of 74846?
7
What is the hundreds digit of 36153?
1
What is the ten thousands digit of 17973?
1
What is the thousands digit of 3500?
3
What is the thousands digit of 1576?
1
What is the units digit of 8458?
8
What is the tens digit of 2661?
6
What is the units digit of 6109?
9
What is the tens digit of 3576?
7
What is the hundreds digit of 5363?
3
What is the units digit of 12570?
0
What is the thousands digit of 1258?
1
What is the ten thousands digit of 58779?
5
What is the thousands digit of 5297?
5
What is the tens digit of 1848?
4
What is the thousands digit of 2861?
2
What is the tens digit of 96220?
2
What is the hundreds digit of 55658?
6
What is the units digit of 2344?
4
What is the ten thousands digit of 21809?
2
What is the thousands digit of 5101?
5
What is the hundreds digit of 6036?
0
What is the tens digit of 46339?
3
What is the tens digit of 2355?
5
What is the ten thousands digit of 74463?
7
What is the units digit of 13?
3
What is the hundreds digit of 88018?
0
What is the thousands digit of 1109?
1
What is the thousands digit of 6983?
6
What is the hundreds digit of 805?
8
What is the thousands digit of 32599?
2
What is the hundreds digit of 1181?
1
What is the hundreds digit of 99234?
2
What is the hundreds digit of 158?
1
What is the hundreds digit of 2163?
1
What is the tens digit of 130098?
9
What is the thousands digit of 5348?
5
What is the units digit of 3796?
6
What is the hundreds digit of 445?
4
What is the ten thousands digit of 48099?
4
What is the units digit of 1672?
2
What is the tens digit of 2629?
2
What is the units digit of 2017?
7
What is the hundreds digit of 35378?
3
What is the units digit of 8043?
3
What is the hundreds digit of 1493?
4
What is the tens digit of 2074?
7
What is the thousands digit of 81918?
1
What is the units digit of 1019?
9
What is the thousands digit of 8009?
8
What is the tens digit of 4532?
3
What is the hundreds digit of 28877?
8
What is the ten thousands digit of 15278?
1
What is the units digit of 63727?
7
What is the hundreds digit of 60604?
6
What is the units digit of 3727?
7
What is the units digit of 6388?
8
What is the tens digit of 1435?
3
What is the units digit of 453?
3
What is the thousands digit of 1066?
1
What is the hundreds digit of 1953?
9
What is the units digit of 519?
9
What is the units digit of 4591?
1
What is the ten thousands digit of 13424?
1
What is the hundreds digit of 54369?
3
What is the hundreds digit of 412?
4
What is the tens digit of 15470?
7
What is the ten thousands digit of 13857?
1
What is the tens digit of 1531?
3
What is the units digit of 3020?
0
What is the thousands digit of 54823?
4
What is the hundreds digit of 6561?
5
What is the tens digit of 4326?
2
What is the tens digit of 887?
8
What is the hundreds digit of 3517?
5
What is the thousands digit of 23619?
3
What is the units digit of 6687?
7
What is the tens digit of 50107?
0
What is the tens digit of 207?
0
What is the thousands digit of 12455?
2
What is the thousands digit of 13889?
3
What is the tens digit of 45481?
8
What is the ten thousands digit of 10909?
1
What is the thousands digit of 4359?
4
What is the tens digit of 10658?
5
What is the units digit of 50046?
6
What is the hundreds digit of 2970?
9
What is the hundreds digit of 2773?
7
What is the hundreds digit of 4182?
1
What is the units digit of 16047?
7
What is the thousands digit of 8956?
8
What is the tens digit of 195382?
8
What is the hundreds digit of 18352?
3
What is the tens digit of 170?
7
What is the ten thousands digit of 17438?
1
What is the units digit of 30517?
7
What is the thousands digit of 16374?
6
What is the tens digit of 751?
5
What is the units digit of 2724?
4
What is the thousands digit of 2559?
2
What is the units digit of 17298?
8
What is the hundreds digit of 163531?
5
What is the hundreds digit of 5144?
1
What is the units digit of 1722?
2
What is the tens digit of 2886?
8
What is the ten thousands digit of 71802?
7
What is the tens digit of 501?
0
What is the tens digit of 3322?
2
What is the tens digit of 2438?
3
What is the thousands digit of 1472?
1
What is the units digit of 1380?
0
What is the tens digit of 93687?
8
What is the thousands digit of 78799?
8
What is the units digit of 28641?
1
What is the units digit of 5955?
5
What is the units digit of 1760?
0
What is the tens digit of 1286?
8
What is the hundreds digit of 160?
1
What is the units digit of 7120?
0
What is the units digit of 1074?
4
What is the units digit of 68595?
5
What is the units digit of 1700?
0
What is the units digit of 2090?
0
What is the units digit of 6996?
6
What is the thousands digit of 1055?
1
What is the ten thousands digit of 55992?
5
What is the hundreds digit of 58985?
9
What is the hundreds digit of 2029?
0
What is the hundreds digit of 1131?
1
What is the units digit of 20662?
2
What is the units digit of 6845?
5
What is the tens digit of 15168?
6
What is the thousands digit of 27185?
7
What is the units digit of 1867?
7
What is the thousands digit of 1731?
1
What is the hundreds digit of 2087?
0
What is the tens digit of 670?
7
What is the ten thousands digit of 36502?
3
What is the units digit of 1091?
1
What is the hundreds digit of 1353?
3
What is the tens digit of 1265?
6
What is the thousands digit of 1183?
1
What is the units digit of 1070?
0
What is the units digit of 889?
9
What is the thousands digit of 7499?
7
What is the thousands digit of 2092?
2
What is the tens digit of 4953?
5
What is the tens digit of 37443?
4
What is the hundreds digit of 1434?
4
What is the tens digit of 65773?
7
What is the tens digit of 1725?
2
What is the thousands digit of 30717?
0
What is the ten thousands digit of 34138?
3
What is the units digit of 2205?
5
What is the units digit of 30?
0
What is the units digit of 16283?
3
What is the hundreds digit of 1954?
9
What is the thousands digit of 2452?
2
What is the ten thousands digit of 124564?
2
What is the units digit of 1768?
8
What is the units digit of 104268?
8
What is the tens digit of 1398?
9
What is the thousands digit of 6476?
6
What is the hundreds digit of 4772?
7
What is the tens digit of 11448?
4
What is the hundreds digit of 5851?
8
What is the hundreds digit of 132?
1
What is the units digit of 3519?
9
What is the ten thousands digit of 38128?
3
What is the thousands digit of 12889?
2
What is the hundreds digit of 1683?
6
What is the hundreds digit of 1220?
2
What is the tens digit of 324?
2
What is the ten thousands digit of 26201?
2
What is the ten thousands digit of 83106?
8
What is the units digit of 31699?
9
What is the units digit of 19?
9
What is the tens digit of 3417?
1
What is the hundreds d